 -27. List the prime factors of q.
29
Let i be 508/11 + (-6)/33. Suppose 4*f - 3*j = -0*j + i, -71 = -5*f - 3*j. Let b = 21 - f. What are the prime factors of b?
2
Let i = 177 + -173. Suppose b + 14 = 5*r + 4, -8 = -4*r - 3*b. Suppose 0 = r*s - i*s + 46. List the prime factors of s.
23
Let b(g) = -2*g - 3. Let a be b(-3). Let t(h) = h**2 - 1. What are the prime factors of t(a)?
2
Let v = 2 - 4. Let c be ((-4)/(v - 0))/(-1). List the prime factors of (20*-1)/c*1.
2, 5
What are the prime factors of 39 + 0 + (2 - 2 - 1)?
2, 19
Let l = 18 + 1. Suppose 0 = -4*k + 20, 4*k + 21 + l = 4*w. List the prime factors of w.
3, 5
Let k(c) be the second derivative of c**4/4 - 7*c**3/6 + c**2 - 8*c. What are the prime factors of k(5)?
2, 3, 7
Let g be (-2)/5 + 216/40. Suppose -g*p - 51 = -16. Let y = 12 + p. What are the prime factors of y?
5
Let y(o) = -o**3 - o**2 + 2*o + 11. List the prime factors of y(-5).
101
Let h be (6/(-15))/(1/(-10)). Suppose 0 = 4*y - h - 16. List the prime factors of y.
5
Let u(j) = j**2 - 2. Let n be u(-2). Suppose -24 = -4*b + 3*d - 7, -5*b + 30 = 5*d. Suppose -z = -5*t - 8, 4*t = b*t - n. What are the prime factors of z?
2, 3
Suppose 3*h = -4*j + 56, h = 3*h. What are the prime factors of j?
2, 7
Suppose 3*g + 30 = -30. What are the prime factors of (-24)/(-10)*g/(-4)?
2, 3
Let h be (-23)/(-7) + 4/(-14). Let c = 2 - h. List the prime factors of (0 + -5)*1/c.
5
Let x = 69 - 46. What are the prime factors of x?
23
Suppose -4*m + 5*y - 2*y - 27 = 0, 2*y = -2*m + 4. Let n(s) = -s**3 - s**2 + s - 3. What are the prime factors of n(m)?
2, 3
Let y = 318 + -218. What are the prime factors of y?
2, 5
Let a(z) be the second derivative of z**6/720 + z**5/12 + z**4/4 - 2*z. Let s(q) be the third derivative of a(q). What are the prime factors of s(0)?
2, 5
Let i(z) = z**2 - 2*z + 2. Let b be i(-4). Suppose -b = -5*d - 6. List the prime factors of d.
2
Suppose 3*g = -2*g + 240. List the prime factors of g.
2, 3
Let y = 21 - 11. Suppose 0 = -t + y. What are the prime factors of t?
2, 5
Let g(f) = f - 2. Let c be g(6). Let r(l) be the second derivative of l**5/20 - l**4/6 - 2*l**3/3 - 3*l**2/2 + l. What are the prime factors of r(c)?
13
Suppose -2*b = -5*f + 507, 73 - 474 = -4*f - 3*b. List the prime factors of f.
101
Suppose -3*p - 2*p + 950 = 5*w, 0 = 3*w. List the prime factors of p.
2, 5, 19
Suppose 4*s - 7 = 5*t - 27, -4*s - 20 = t. Suppose t = -4*i - 0*i - 4. What are the prime factors of 14*1 + -1 + i?
2, 3
Let w(n) = n**2 - n. Let u be w(0). Let y(f) = f**3 - f. Let j be y(u). Suppose 3*p - 48 = -j*p. List the prime factors of p.
2
Let k(w) = -2*w**3 - 9*w**2 + 7*w + 11. List the prime factors of k(-7).
3, 23
Let k(x) = -x**3 + 7*x**2 + 4*x + 10. What are the prime factors of k(7)?
2, 19
Let w be ((-14)/(-10) + -1)*10. Suppose -w*b - 5*u + 29 = 0, -2*b + 8 + 17 = -u. List the prime factors of b.
11
Let v = -15 - -20. Suppose 22 = v*f - 143. What are the prime factors of f?
3, 11
Let a(q) = -q**2 + 4*q + 7 + 0*q**2 - 5*q**2 + q**3. List the prime factors of a(5).
2
Suppose -4*p = -6*p - 98. Let q = -11 - p. What are the prime factors of q?
2, 19
Suppose 3 = -w + 7. Let b = 18 - w. Suppose x - b = -3. What are the prime factors of x?
11
Let z(t) = -t**3 - 5*t**2 - 3*t + 3. Let s be z(-4). What are the prime factors of ((-12)/s)/(9/6)?
2
Suppose -6*p + 2*p + 2*k = -488, 4*k + 376 = 3*p. What are the prime factors of p?
2, 3, 5
Suppose -5*x + 5*l = -30, -5*x - 2*l = -34 + 4. Let o be (-1*4 - -2) + x. Suppose 5*u - z - 31 = 0, -u = o*u - 2*z - 27. List the prime factors of u.
7
Suppose -3*c - 8 = c, 0 = 4*y + c - 150. What are the prime factors of y?
2, 19
Let n = 9 - 6. Let i(f) = 5 - 8 + 0 + n*f - 15*f. List the prime factors of i(-2).
3, 7
Let w be 2/(-4) - 219/(-6). Suppose 0 = -0*a - 3*a + w. List the prime factors of a.
2, 3
List the prime factors of 4*(45/(-12))/(-3).
5
Suppose 2*a + 2*a = 0. Suppose -3*y - 3 + 21 = a. Suppose -s + 2*h - 35 = -y*s, -4*h - 56 = -4*s. List the prime factors of s.
3
Suppose -23 = -3*s + 7. Suppose 5*z - s = -3*n + 26, 2*z - 4*n = 4. What are the prime factors of z?
2, 3
Suppose -5*s + 5*o + 70 = 0, 0 = 2*s + 3*s - 3*o - 68. Suppose -g = 0, -3*i + 0*g = -3*g + 3. Let n = s - i. What are the prime factors of n?
2, 7
Let q(v) = v**2 - v - 2. Let a be (-4)/2 - (1 + 0). What are the prime factors of q(a)?
2, 5
Let j be 0/(-2 + (-2 - -2)). Suppose j*k - 22 = 2*k. Let d = k + 22. What are the prime factors of d?
11
Let y(a) = -a**2 + 14*a - 14. List the prime factors of y(11).
19
Suppose -4*y - 72 + 328 = 0. What are the prime factors of y?
2
Suppose -2*l + 996 = 3*l - h, 5*l - 992 = 2*h. List the prime factors of l.
2, 5
Let c = -5 - -5. Suppose 0*y + y + 3 = c. Let t = y - -5. What are the prime factors of t?
2
Suppose -3*m = 6*y - 2*y - 545, 2*y + 3*m = 271. List the prime factors of y.
137
Suppose z + 661 = 109. List the prime factors of z/(-54) + (-2)/9.
2, 5
Suppose 3*z - 5*z = 5*c + 1, 3*c + 6 = -3*z. Let m be 0 - z - -1 - 1. Suppose -m*f + 20 = f + 4*j, -f = 3*j - 5. List the prime factors of f.
5
Let r be 1/(-2)*-1*2. Let o(v) be the first derivative of 5*v**4/4 - v**3/3 + v - 1. What are the prime factors of o(r)?
5
Let o(l) be the second derivative of l**5/20 + 7*l**4/6 - l**3/3 + 3*l**2/2 + 3*l. List the prime factors of o(-14).
31
Let q(d) = -3*d + 16. List the prime factors of q(-10).
2, 23
Let n(k) = k**3 + 14*k**2 - 15*k + 1. Let d be n(-15). What are the prime factors of d*0/2 - -19?
19
Let l = 8 - 3. Suppose 0*s - 320 = -l*s. Suppose -7*a + s = -3*a. What are the prime factors of a?
2
Let h be (3/(-4))/((-5)/20). Let a(b) = -6*b - 1. Let f be a(-1). What are the prime factors of f*(12/10)/h?
2
Suppose 11 = o - 1. Suppose 6*t - 9*t = -18. List the prime factors of (3 + 0)/t*o.
2, 3
Suppose 5*g = 4*g + 15. What are the prime factors of g?
3, 5
Suppose -57 = 5*v + 5*u + 323, 0 = -4*v - 3*u - 309. Let a = -41 - v. List the prime factors of a.
2, 5
Suppose 2*r = 2*t + 54, 0*r + 2*r - 66 = -t. List the prime factors of r.
31
List the prime factors of (-1)/((-2976)/(-596) - 5).
149
Let k(h) = -h + 15. List the prime factors of k(10).
5
Let o be (-14)/(-2*(-3)/(-6)). Suppose -31 + 10 = -3*r + 3*a, 2*r - 5*a = o. List the prime factors of r.
7
Suppose 5*n - w - 3 - 12 = 0, -2*n + 2*w + 14 = 0. Suppose 0*z + 170 = 5*t - n*z, 0 = -5*z. What are the prime factors of t?
2, 17
List the prime factors of 4/(-18) + 2595/135.
19
Let i(g) = -35*g**3 + g**2. Let u be i(-1). List the prime factors of (u/15)/((-6)/(-40)).
2
Let y(g) = g**2 - 2*g - 7. Suppose -3*j = -0*j - 15. List the prime factors of y(j).
2
Let x be 10*2/((-8)/10). Let m = 42 + x. What are the prime factors of m?
17
Let x(r) = 4*r - 9. List the prime factors of x(3).
3
Let u = 23 - 13. Let b = 24 - u. List the prime factors of b.
2, 7
Suppose l + 20 = -q, 0*l - 3*l - 2*q - 65 = 0. Let g = l + 35. What are the prime factors of g?
2, 5
Suppose 5*d + 835 = 5*q, 4*q - 8*d - 673 = -3*d. List the prime factors of q.
2, 3
List the prime factors of 4/2*(-612)/(-24).
3, 17
Let i(x) = 4*x - 2. Let j be i(1). Suppose h = -j*h + 60. What are the prime factors of h?
2, 5
Let u(y) = 4*y**2 + 2*y - 1. Let m(i) = -i. Let w(h) = 3*m(h) + u(h). Let c be w(-1). Suppose -j + 2 = -3*d + 7, 0 = c*d - 16. What are the prime factors of j?
7
Suppose 3*n - 2*n = 94. What are the prime factors of n?
2, 47
Suppose 0 = -5*q + 77 + 18. What are the prime factors of q?
19
Let w = -138 - -148. What are the prime factors of w?
2, 5
Let z(o) = o**2 - 5*o + 3. Let m be z(5). Suppose 0 = 3*a + 4*u - 20, 5 = 2*a - m*u + 3. List the prime factors of a.
2
Suppose 0 = -5*v + v + 12. Suppose -5*x + v*k = -239, -4*k = -0*k - 8. What are the prime factors of x?
7
Let a be (-290)/(-6) - (-1)/(-3). What are the prime factors of ((-372)/a)/((-2)/16)?
2, 31
Suppose 0*h + h + 35 = 0. Let z be ((-28)/h)/(1/5). Suppose -2 = z*r - 34. List the prime factors of r.
2
Suppose -4*t = -2*c + 3*c - 2, -t - 9 = 5*c. Let o be -1 + (0/3 - t). What are the prime factors of 6/((0 - o) + -1)?
2, 3
Suppose -18 = -4*y + 58. What are the prime factors of y?
19
Let v(c) = 9*c**2 - 2*c + 1. Let f be v(1). Suppose 0 + 26 = 2*d. Let h = d - f. What are the prime factors of h?
5
Let q(m) = -m**2 - 3*m - 1. Let x